prime factors of s?
47
Let z(s) = s**2 - 25*s + 39. Let l be z(16). Let q = 299 + l. List the prime factors of q.
2, 97
Let n(z) = z**2 + 6*z - 5. Let q be n(-7). Let k(f) = 6*f - 9. Let x be k(7). Let b = x - q. List the prime factors of b.
31
Suppose -15*n = -16*n + 314. Suppose 0*p + 2*p = n. What are the prime factors of p?
157
Let b(v) = 247*v - 2. Let f be b(1). Let l = f + -169. What are the prime factors of l?
2, 19
List the prime factors of (9 + -11)*((-1398)/4 - -1).
17, 41
Suppose 4 = 2*s - 6. Suppose 3*p + 4*l = -16, -2*p - l = -p + s. What are the prime factors of (0 + -1)/(p/120)?
2, 3, 5
Let r be (1 + 2 - 3) + 2. Let c be (6 - 4)*(-1 + r). Suppose -c*x - v = -28, 36 = 3*x + 4*v - v. What are the prime factors of x?
2
Suppose 4*o - 519 = -99. List the prime factors of o.
3, 5, 7
Let p(x) = -x**3 - 4*x**2 + x + 7. Let u be p(-3). Let o(d) = -2*d**3 - 5*d**2 - 2*d - 7. List the prime factors of o(u).
2
Let f be 0 + -1 - (-8)/2. Suppose -f*q - 2*z = -46 - 106, 3*z = -5*q + 254. List the prime factors of q.
2, 13
Suppose 2*u - 10 = 5*l + 8, -2*u - 2*l = -4. Suppose -2*x - 155 = -5*s, 2*s = u*x + 84 - 22. List the prime factors of s.
31
Suppose 0 = -3*i - 7 - 65. Let a = i - -20. List the prime factors of (-1 + 11)*a/(-10).
2
Let h(q) = q - 7. Let l be h(10). Let k be 2*(-4 + l) + 3. List the prime factors of (37/2)/(k/4).
2, 37
Let z(a) = -4*a**3 + 3*a**2 + 4*a + 8. Suppose 17*i = 15*i - 6. List the prime factors of z(i).
131
Suppose 0 = -8*a - 289 + 1417. What are the prime factors of a?
3, 47
Suppose 4*p - 56 + 0 = 0. Suppose -5*i - 39 - 6 = 0. Let v = i + p. List the prime factors of v.
5
Suppose 4*z - 7 - 12 = 5*c, z - 16 = 5*c. Let l = 11 - z. Suppose -m + l - 4 = 0. List the prime factors of m.
2, 3
List the prime factors of (-7932)/(-18) - 10/6.
439
Let s = -21 + 26. Suppose -s*f = -139 - 791. List the prime factors of f.
2, 3, 31
Suppose -14 = -f + 14. What are the prime factors of (f/(-6))/(8/(-228))?
7, 19
Let i = 47 - 43. Suppose -v + 30 = 4*v. What are the prime factors of 114/i + 3/v?
29
Let s(l) be the first derivative of l**3/3 - 2*l + 5. Let j be s(2). Suppose -15 = j*t - 55. List the prime factors of t.
2, 5
Suppose -3*l + 3 + 1 = -2*c, c = 3*l + 1. Let f be (2/(-6))/(c/15). List the prime factors of 18/(f*(-3 + 4)).
2, 3
Let j(y) = y**3 + 51*y**2 + 87*y - 70. List the prime factors of j(-49).
7, 67
Suppose 7*b - 18 = b. List the prime factors of b - -24*40/12.
83
Suppose -5*n = -2*r + 648, -2*r + 664 = -0*r + 3*n. List the prime factors of r.
7, 47
Suppose 13 = -3*g + h - 9, g + 4*h = -16. Let z(b) = 9*b**2 + 0*b**3 + b**3 + 5 + b + 7*b. What are the prime factors of z(g)?
5
Let w be (35 + -126)/(2/(-2) - 0). Let f = w + 72. What are the prime factors of f?
163
What are the prime factors of (-34304)/(-336) - 4/42?
2, 3, 17
Let n be (18/(-4))/((-8)/(-16)). Let x = -20 - n. Let t = 18 + x. What are the prime factors of t?
7
Let l(y) be the first derivative of 2*y**3/3 + 3*y**2/2 - 3*y + 2. Let a(f) = -3*f - 16. Let i be a(-4). List the prime factors of l(i).
17
Let m(f) = f**2 + 24*f + 53. List the prime factors of m(-29).
2, 3, 11
Let p = 289 - -1665. What are the prime factors of p?
2, 977
Let o(c) = c**3 + 8*c**2 + 5*c - 10. Let d be o(-7). Suppose 16*x - 29 - 3 = 0. Suppose p = -0*p + d*r - x, -6 = -p + 2*r. List the prime factors of p.
2, 7
Suppose -6 + 51 = 5*b. Let h be 22/5 + (-2)/5. What are the prime factors of 0/(h - 3) + b?
3
Let s(i) = -i**3 + 6*i**2 + 24*i + 19. Let k be s(8). Suppose 4*b + 4*p - 284 = 0, 2*b + 5*p = 62 + k. List the prime factors of b.
2, 5, 7
Let p = -31 - -35. What are the prime factors of ((p + 0)/(-2))/((-34)/952)?
2, 7
Let c = 8 - 5. Suppose 2*y + 2*m = 0, -2*y - c*m = 5 - 2. List the prime factors of y.
3
Let g(m) = -m**2 + 19*m + 20. Let z be (14/(-2))/((-8)/16). What are the prime factors of g(z)?
2, 3, 5
Let u(y) = -17*y - 76. What are the prime factors of u(-11)?
3, 37
List the prime factors of (2262/(-104))/(12/(-1376)).
2, 29, 43
Let v = -12 + 3. Let t(o) = -o**2 - 7*o + 13. Let y be t(v). Let q(i) = 2*i**2 + 6*i + 5. What are the prime factors of q(y)?
5
Let z = 796 + 72. What are the prime factors of z?
2, 7, 31
Suppose -5*u + 5 = -5*w, 2*u - 2*w = w + 1. Suppose 33 = 5*q - 4*b - 13, -2*q + u*b = -20. Let y = q - -6. What are the prime factors of y?
2, 3
Suppose 44*i + 2796 = 50*i. List the prime factors of i.
2, 233
Let z = 83 - -312. What are the prime factors of z?
5, 79
Let p(z) = -z**3 + 5*z**2 + 11*z - 7. Let c be p(7). Let t be 13/7 + (-4)/c. Suppose -t*h + 14 = -10. List the prime factors of h.
2, 3
Let q be (-3)/4 - (-363)/(-44). Let b(y) = y + 9. Let h be b(q). What are the prime factors of 14/(-8)*(-4 - h)?
7
Suppose 137*j = 134*j + 5664. List the prime factors of j.
2, 59
Suppose -3*b = -5*n - 137, 0*b - 42 = -b - 2*n. Let g be 3/7 - b/(-28). Suppose 3*t + 5*y + 10 = 4*t, -2 = -g*y. List the prime factors of t.
3, 5
Let z be (-2 - -4) + 7 + -7. Let f = z - -55. What are the prime factors of f?
3, 19
Suppose -8296 = 132*k - 140*k. What are the prime factors of k?
17, 61
Suppose -5*a = -0*q - 5*q + 80, -80 = -5*q - 5*a. Suppose -q = -8*r + 8. Suppose -84 = -r*x - 0*x. List the prime factors of x.
2, 7
Let w(t) = t**3 - 10*t**2 + t**2 - 2*t**2 + 11*t - 6. Let p be w(10). Suppose d + 5*j - 3 = -5, 2*j = p*d - 58. What are the prime factors of d?
13
Let f = 86 + -125. Let r = f - -125. List the prime factors of r.
2, 43
Suppose -2*s + 2*a = -226 - 214, 4*s + 3*a - 894 = 0. What are the prime factors of s?
2, 3, 37
What are the prime factors of (-2914)/3*(12 + -6 - 9)?
2, 31, 47
Let s(g) = g**3 - 9*g**2 + 12*g - 2. Let c be s(7). List the prime factors of (-1 + 3)/(c/(-224)).
2, 7
Let v = 452 + -272. Let w = -103 + v. What are the prime factors of w?
7, 11
Let z = -1252 + 2682. What are the prime factors of z?
2, 5, 11, 13
Let i = 3920 - -856. List the prime factors of i.
2, 3, 199
Suppose -4*q + 3*y - 6 = -28, 2*y = -3*q + 25. What are the prime factors of q?
7
Suppose -3*d + 0*d - 30 = 0. Let l(g) = -2*g - 15. Let b be l(d). Suppose 0 = -5*q - 5*j + 120, -2*q + 4*q = b*j + 20. What are the prime factors of q?
2, 5
Let v = -804 + 2309. List the prime factors of v.
5, 7, 43
Suppose -17*s + 1160 = -217. What are the prime factors of s?
3
What are the prime factors of (-1)/2 + (-99567)/(-26) + -16?
3, 31, 41
Let g = -88 - -172. Let f = 159 - g. Suppose 0*x = -3*x + f. What are the prime factors of x?
5
Suppose -6*y - 168 = 2*y. Let a be y/(-3) - (1 + 3). What are the prime factors of (-2*47)/(1 - a)?
47
Suppose 5*o - 9455 = -5*m, 7*o - 2*o - 3791 = -2*m. What are the prime factors of m?
2, 59
Let j be -2 + 27/3 + -1. Suppose 4*q - 1 = 5*r, r - j = 2*r + 5*q. What are the prime factors of 16/(-24)*(-29 + r)?
2, 5
Let j = 1187 + 886. List the prime factors of j.
3, 691
Suppose 3*a + 39 = -2*r + 5, -4*r = -5*a - 20. List the prime factors of 34*(28/a)/(-7).
17
Let y = 325 + 271. What are the prime factors of y?
2, 149
Let p = 315 + -114. List the prime factors of p.
3, 67
Suppose 2*n + 1 = 5. Suppose n*l - 10*l + 16 = 0. Suppose -2*i = -4*y + 22, 2*y + i = l + 11. What are the prime factors of y?
2, 3
Suppose -2*j - 411 - 224 = -b, -3154 = -5*b + 3*j. List the prime factors of b.
17, 37
Let u = -3663 + 8195. List the prime factors of u.
2, 11, 103
What are the prime factors of (8 - (5 - -6))*(-22)/6?
11
Suppose -6 = 6*b - 8*b, -5*b + 959 = f. What are the prime factors of f?
2, 59
Let r(p) be the first derivative of 43*p**2/2 - 14*p + 4. What are the prime factors of r(4)?
2, 79
Let u(f) = -f + 8. Suppose -5*i + 6 = -4*i. Let w be u(i). Suppose w*m - 3*m + 44 = 0. What are the prime factors of m?
2, 11
Suppose 5*h + l = 4295, 1711 = 2*h - 0*l - l. What are the prime factors of h?
2, 3, 11, 13
Let z = -285 - -298. Suppose 5*a + 5 + 20 = 0, -4*o + 5*a = -41. Suppose -o*v - z = -69. List the prime factors of v.
2, 7
Let q be 4/12 - (-3)/((-27)/(-5973)). Let w = q - 356. What are the prime factors of w?
2, 7, 11
Let j(r) = 8*r**2 - 3*r - 15. Let a = 42 + -37. What are the prime factors of j(a)?
2, 5, 17
Let v(j) be the first derivative of -j - j**4 - 1/3*j**3 - 3 - j**2. List the prime factors of v(-1).
2
Let s(t) = t**3 + 13*t**2 + 6. Let b be 0 + (-13 - -3) - 2. Let d 